1 a factor of 18259?
False
Is 1660512 a multiple of 112?
True
Is 328680 a multiple of 44?
True
Is 10940824 a multiple of 202?
False
Does 17 divide 3003815?
True
Does 168 divide 673844?
False
Does 261 divide 147726?
True
Is 113343 a multiple of 175?
False
Is 58794 a multiple of 7?
False
Is 2663815 a multiple of 935?
True
Is 775 a factor of 7045058?
False
Does 183 divide 650525?
False
Is 4843221 a multiple of 5?
False
Is 407251 a multiple of 69?
False
Is 1339868 a multiple of 12?
False
Is 297190 a multiple of 263?
True
Is 103 a factor of 15948733?
False
Is 177660 a multiple of 15?
True
Does 53 divide 829609?
True
Is 11 a factor of 1550971?
False
Does 7 divide 350780?
False
Is 3637445 a multiple of 7?
True
Is 14920 a multiple of 20?
True
Is 17 a factor of 122574?
False
Is 7399898 a multiple of 59?
True
Is 455 a factor of 4186910?
True
Is 5868598 a multiple of 7?
False
Is 164951 a multiple of 313?
True
Is 4 a factor of 48280?
True
Does 403 divide 59280?
False
Is 21361690 a multiple of 595?
True
Does 7 divide 10595?
False
Is 18 a factor of 717264?
True
Is 897699 a multiple of 8?
False
Does 28 divide 13377364?
True
Is 83 a factor of 43758?
False
Is 4 a factor of 2699?
False
Is 146 a factor of 8285792?
True
Is 172 a factor of 466980?
True
Is 1114489 a multiple of 9?
False
Is 29234400 a multiple of 2080?
True
Does 1486 divide 4701704?
True
Is 98496 a multiple of 76?
True
Is 30245506 a multiple of 27?
False
Does 21 divide 855519?
True
Does 545 divide 1094765?
False
Is 3855370 a multiple of 907?
False
Is 47 a factor of 34310?
True
Is 13040312 a multiple of 101?
True
Is 471200 a multiple of 589?
True
Is 682056 a multiple of 36?
True
Does 24 divide 159096?
True
Does 6 divide 64986?
True
Does 915 divide 15321675?
True
Is 2041924 a multiple of 9?
False
Is 174 a factor of 511369?
False
Is 5674891 a multiple of 1545?
False
Does 150 divide 180042?
False
Is 4 a factor of 50002?
False
Is 9 a factor of 12267?
True
Is 10 a factor of 1326200?
True
Does 79 divide 218830?
True
Does 46 divide 655030?
False
Is 78760 a multiple of 10?
True
Is 263 a factor of 1116435?
True
Is 168 a factor of 863016?
True
Is 898082 a multiple of 87?
False
Does 29 divide 325815?
True
Is 158203 a multiple of 72?
False
Does 39 divide 46927?
False
Does 72 divide 92952?
True
Is 42 a factor of 14677605?
False
Is 1317136 a multiple of 2?
True
Does 147 divide 297381?
True
Is 1652417 a multiple of 221?
True
Is 2457326 a multiple of 71?
False
Is 6 a factor of 44802?
True
Is 991550 a multiple of 25?
True
Does 27 divide 1303810?
False
Is 5 a factor of 53835?
True
Does 26 divide 1390636?
True
Does 59 divide 3511326?
True
Is 2 a factor of 3273371?
False
Does 72 divide 243259?
False
Does 578 divide 3601518?
True
Is 135 a factor of 756419?
False
Is 63 a factor of 890001?
True
Is 32648 a multiple of 106?
True
Is 1021124 a multiple of 146?
True
Is 1799083 a multiple of 547?
True
Is 104610 a multiple of 11?
True
Is 17 a factor of 667328?
False
Is 1104467 a multiple of 38?
False
Is 3196700 a multiple of 65?
True
Is 502 a factor of 77810?
True
Does 119 divide 5633?
False
Is 6 a factor of 345098?
False
Does 156 divide 1604304?
True
Is 147 a factor of 82908?
True
Does 14 divide 469924?
True
Is 38 a factor of 3486813?
False
Is 1452880 a multiple of 104?
True
Is 599992 a multiple of 8?
True
Is 3 a factor of 49449?
True
Does 4 divide 2163197?
False
Is 43 a factor of 17114?
True
Is 67060 a multiple of 20?
True
Is 335544 a multiple of 21?
False
Does 68 divide 410011?
False
Is 2446675 a multiple of 41?
True
Is 402 a factor of 2599332?
True
Is 1155649 a multiple of 31?
True
Is 39486180 a multiple of 145?
False
Is 8530 a multiple of 25?
False
Is 605 a factor of 1124392?
False
Is 3577975 a multiple of 204?
False
Is 11 a factor of 85721?
False
Does 331 divide 3649606?
True
Is 2236738 a multiple of 197?
True
Is 72 a factor of 15071390?
False
Is 346 a factor of 8551424?
False
Is 189 a factor of 48232?
False
Is 368072 a multiple of 331?
True
Is 94 a factor of 712990?
True
Is 940 a factor of 8711635?
False
Is 13878240 a multiple of 997?
True
Is 549204 a multiple of 6?
True
Is 4 a factor of 5444227?
False
Is 644385 a multiple of 15?
True
Does 1371 divide 12173109?
True
Is 46 a factor of 21236?
False
Is 20 a factor of 878565?
False
Does 240 divide 2626560?
True
Is 25255 a multiple of 4?
False
Is 1950317 a multiple of 14?
False
Is 14 a factor of 1648836?
True
Does 142 divide 237424?
True
Is 42 a factor of 244566?
True
Is 12 a factor of 5680697?
False
Does 128 divide 856192?
True
Is 99 a factor of 1004355?
True
Is 133578 a multiple of 18?
True
Does 9 divide 16677?
True
Does 2 divide 228554?
True
Is 390540 a multiple of 4?
True
Does 13 divide 3365736?
False
Does 39 divide 15682251?
True
Is 461646 a multiple of 27?
True
Does 228 divide 279183?
False
Is 2410848 a multiple of 1056?
True
Is 269 a factor of 966786?
True
Is 101134 a multiple of 10?
False
Is 35 a factor of 2538170?
False
Does 26 divide 272159?
False
Is 87 a factor of 48106?
False
Is 2542748 a multiple of 107?
True
Does 28 divide 121721?
False
Is 19 a factor of 4247393?
True
Is 1004616 a multiple of 5?
False
Does 292 divide 246259?
False
Is 8696935 a multiple of 67?
True
Is 84 a factor of 8770090?
False
Is 64 a factor of 2432?
True
Is 122430 a multiple of 77?
True
Is 140265 a multiple of 27?
True
Is 87 a factor of 130558?
False
Is 4566760 a multiple of 8?
True
Is 3 a factor of 4983?
True
Is 13585047 a multiple of 1167?
True
Is 57 a factor of 398029?
False
Is 510795 a multiple of 9?
True
Does 271 divide 4451356?
False
Is 125245 a multiple of 185?
True
Is 14 a factor of 1153908?
True
Is 702144 a multiple of 207?
True
Is 2 a factor of 118554?
True
Is 24960 a multiple of 6?
True
Is 1074953 a multiple of 37?
False
Does 855 divide 8951851?
False
Is 2 a factor of 148389?
False
Is 436718 a multiple of 10?
False
Is 976266 a multiple of 179?
True
Does 68 divide 522200?
False
Does 324 divide 266004?
True
Is 155301 even?
False
Is 119402 a multiple of 263?
True
Is 167 a factor of 140614?
True
Is 2161027 a multiple of 11?
True
Does 104 divide 34736?
True
Is 50 a factor of 594350?
True
Is 13866111 a multiple of 89?
True
Is 5294495 a multiple of 1325?
False
Is 1161884 a multiple of 75?
False
Is 173 a factor of 6445288?
True
Is 78503 a multiple of 12?
False
Does 455 divide 4749745?
True
Is 973 a factor of 18608625?
True
Is 13 a factor of 6190093?
True
Is 118 a factor of 120006?
True
Is 1113892 a multiple of 31?
True
Is 25 a factor of 710797?
False
Is 1759818 a multiple of 129?
True
Does 668 divide 246492?
True
Is 13966 even?
True
Is 625 a factor of 1862500?
True
Does 447 divide 10384067?
False
Is 11 a factor of 2846382?
True
Does 95 divide 1310054?
False
Is 45 a factor of 1070822?
False
Is 167139 a multiple of 49?
True
Is 37 a factor of 3467398?
False
Is 887 a factor of 3164592?
False
Does 460 divide 4128343?
False
Does 22 divide 92669?
False
Does 74 divide 165982?
True
Does 110 divide 2155080?
False
Is 85407 a multiple of 49?
True
Is 14 a factor of 462336?
True
Does 208 divide 293072?
True
Is 16230888 a multiple of 54?
True
Is 191260 a multiple of 374?
False
Does 59 divide 193014?
False
Does 45 divide 275812?
False
Is 35 a factor of 551600?
True
Does 72 divide 6655432?
False
Does 531 divide 1003617?
False
Does 58 divide 197044?
False
Is 6 a factor of 86694?
True
Is 21 a factor of 884184?
True
Is 7 a factor of 8941555?
True
Is 48218 a multiple of 4?
False
Does 58 divide 2058652?
True
Is 17366297 a multiple of 332?
False
Does 5 divide 243675?
True
Is 332801 a multiple of 35?
False
Does 18 divide 852318?
True
Does 45 divide 3641107?
False
Is 1826354 a multiple of 17?
False
Is 4277 even?
False
Is 24888 a multiple of 17?
True
Is 4836358 a multiple of 1217?
True
Does 16 divide 207376?
True
Does 29 divide 90888?
False
Does 2 divide 36769?
False
Is 216180 a multiple of 14?
False
Is 635 a factor of 3349625?
True
Is 6775758 a multiple of 918?
True
Is 5252674 a multiple of 574?
True
Is 326865 a multiple of 11?
True
Is 1246658 a multiple of 8?
False
Does 13 divide 1094427?
False
Is 69429 a multiple of 122?
False
Is 44162 a multiple of 211?
False
Is 138164 a multiple of 133?
False
Is 551685 a multiple of 55?
False
Is 217 a factor of 344687?
False
Is 3 a factor of 147287?
False
Is 60 a factor of